mon factor of n and 13?
13
Let p be -2 + 0 + 4 + 115. Let l = 79 - 66. What is the greatest common factor of p and l?
13
Let z = 91 - 52. What is the highest common divisor of z and 156?
39
Let u = -12 - -26. Calculate the highest common factor of u and 14.
14
Let c = 30 - 10. Calculate the greatest common divisor of c and 60.
20
Suppose -v - 4*v + 260 = 0. Suppose -5*i = -5*m + 25, -4*m + 0 = 4*i - v. Calculate the greatest common divisor of m and 18.
9
Suppose -o = -34 + 4. Let z = 9 + -9. Suppose -a + 0 + 6 = z. What is the greatest common factor of a and o?
6
Let t(x) = 2*x**2 + 2*x. Let d be t(-2). Suppose -2*w + 10 = 0, 2*w = d*p - 2*p - 22. What is the highest common factor of 80 and p?
16
Suppose -3*c = -113 - 313. Suppose 5*j - i = c, -6 = -2*i + 5*i. Calculate the greatest common factor of 14 and j.
14
Suppose 4*w - 124 = 3*y + 5, 5*w - 5*y - 165 = 0. Calculate the highest common factor of w and 12.
6
Let h = 44 - 25. Suppose -3*o - 3 = -6. Suppose -o = 3*b - h. What is the greatest common factor of b and 4?
2
Let s = -3 + 249. Let t be s/15 + 4/(-10). Calculate the highest common factor of 144 and t.
16
Let n be 10/6*(-6 + 3). Let r = -4 - n. What is the highest common factor of 7 and r?
1
Suppose y = 2*y. Suppose -2*o + 2 = -y*o. Calculate the highest common factor of 3 and o.
1
Suppose 2*t = t + 45. Suppose 5 = -4*x + t. Suppose 3 = -4*w - 3*z + 8, -4*z = -4*w + 12. Calculate the greatest common divisor of w and x.
2
Suppose 10*o = 15*o - 270. What is the highest common factor of 81 and o?
27
Let a = 7 + 5. Let b be ((-48)/(-32))/(2/a). Calculate the highest common divisor of 27 and b.
9
Let z be (-3 + 129/15)/(6/15). What is the greatest common divisor of 98 and z?
14
Let m(h) = -9*h. Let q be m(-14). What is the highest common divisor of q and 18?
18
Let a = 23 - 13. Calculate the highest common factor of a and 10.
10
Let b be (3/1 - -1)*3. Let m(s) = -3*s + 11. Let x be m(-5). Let j = -14 + x. Calculate the highest common divisor of j and b.
12
Suppose -b = -6 - 4. Let r(q) = -q**2 + 4*q + 25. Let w be r(0). Calculate the highest common divisor of b and w.
5
Suppose 3*h = -5*z + 45 + 29, 4*h + 3*z - 106 = 0. Suppose -5*m - 2*f + 66 = 0, 5*f = -m - 0*f + 4. What is the highest common divisor of m and h?
14
Let d be 1/(-1) + 132/4. Calculate the highest common divisor of d and 4.
4
Suppose -23*h + 25*h - 66 = 0. What is the highest common divisor of h and 264?
33
Suppose 0 = 5*u - 3*u - j, 4*u = -4*j + 24. Let m be 92 - (0 + u) - 2. Suppose -6 = 3*q, -2*t + q = -t - 13. What is the greatest common divisor of m and t?
11
Let w be 5*-6*(-2 - (-11)/10). Calculate the highest common divisor of 9 and w.
9
Let g(o) = o**3 - 7*o**2 + 8*o - 2. Let s be g(6). Let y be (-4)/s + 84/10. What is the greatest common divisor of y and 20?
4
Suppose 5*z - 103 - 7 = 0. Calculate the highest common factor of 44 and z.
22
Suppose -w = q - 0*w - 20, 4*w - 14 = -q. Suppose -4*g = -8*g + 8. Calculate the highest common factor of g and q.
2
Suppose 4*k = 9 + 7. Calculate the highest common factor of k and 4.
4
Suppose 3*j + 3*z - 60 = -z, j - 2*z - 10 = 0. Calculate the greatest common divisor of j and 4.
4
Let y be -14*(116/(-8) - -1). Let w = 21 - 0. Calculate the greatest common factor of y and w.
21
Let s(x) = x**2 + 4*x + 2. Let v be s(-6). Let p(g) = g**2 - 9*g + 4. Let l be p(-8). What is the greatest common factor of l and v?
14
Let x = -7 + 8. Let c(k) = k - 1. Let b be c(5). What is the greatest common divisor of x and b?
1
Let k be 4/(-10) - (-88)/20. Let h be (2/k)/((-5)/(-90)). What is the highest common factor of 18 and h?
9
Suppose -3*m - 596 = -2*l, l = -4*l + 5*m + 1500. Calculate the highest common factor of l and 19.
19
Let s = -18 + 29. Suppose -3*a + 5*a - 44 = -b, 0 = -3*b. Calculate the greatest common factor of a and s.
11
Let l = 49 + -34. Suppose -2*y = 2*f - 3*y - 39, y - 61 = -3*f. Suppose 0 = j + j - f. Calculate the highest common divisor of l and j.
5
Suppose 0 = -0*c + 4*c - 16. Suppose 3*a + 3*b = a + 25, 3*a - c*b - 46 = 0. What is the greatest common factor of a and 28?
14
Let f(g) = g**3 + 8*g**2 + 7*g - 3. Let b be f(-7). Let l be 8 + (b - -5 - 3). Calculate the greatest common divisor of l and 63.
7
Let g be 14/(-91) + (-1070)/(-26). Calculate the highest common divisor of 287 and g.
41
Let v(w) = 4*w. Let k be v(1). Let b be 3/2*(-20)/(-6). Suppose b*a - 51 = -3*c, -k*c + 73 = a + 22. Calculate the greatest common factor of 48 and c.
12
Suppose -3*s + s - 2 = 0. Let y be -7*(0 + 3/s). What is the greatest common divisor of 3 and y?
3
Let z(i) = -i**2 + 3*i + 3. Let w be z(3). Suppose 3*g - 2*g - 2 = 0, -w*d - 4*g = -14. What is the highest common divisor of d and 2?
2
Let u = 7 + 89. What is the highest common divisor of u and 32?
32
Let z be 6/9 + (-14)/(-6). Suppose u + 19 = 2*v, -z*v + 6*v = -4*u + 23. Let n be (v/1 + 0)*1. Calculate the greatest common divisor of n and 27.
9
Suppose -7*n + 2*v = -4*n - 41, 0 = 2*n + 4*v - 6. Suppose 4*q = 2*f - 3*f + n, f - q - 6 = 0. Calculate the highest common factor of 56 and f.
7
Suppose -3 - 3 = -2*v. What is the highest common factor of 6 and v?
3
Suppose -11*r + 14*r = 81. Calculate the highest common divisor of r and 27.
27
Let l(f) be the second derivative of -f**3/6 + f**2/2 - 2*f. Let w be l(-7). What is the highest common factor of w and 2?
2
Let i be (-3 - -1 - 1)*-35. What is the highest common factor of i and 15?
15
Let q = 4 + -2. Suppose -3*k + q = 5*j - 2, 0 = -4*j + k + 10. Let r be (24/(-20))/(j/(-10)). Calculate the highest common factor of r and 18.
6
Let p be (-2)/7 - (-90)/21. Let x = -56 + 84. Let n be (4/2)/(2/x). Calculate the highest common divisor of p and n.
4
Let t(u) = -2*u**2 - 3*u + 2. Suppose -1 = 2*l - 13. Let w be t(l). Let q = -18 - w. Calculate the greatest common factor of 14 and q.
14
Let i = -15 + 15. Suppose -5*t = 15, -m + 16 = -4*t - i*t. Suppose 2*g + 2*g = 40. What is the highest common factor of m and g?
2
Let z(p) = -5 - 2*p**2 + p**2 + 3*p + 0 - 17*p. Let h be z(-9). Calculate the greatest common divisor of 10 and h.
10
Let j be (1/(-2))/((-2)/24). Let z(h) = h**2 + 4*h + 3. Let d be z(-3). Suppose d*r - r = -15. What is the highest common factor of j and r?
3
Let t = -6 + 10. Calculate the highest common divisor of 36 and t.
4
Suppose 0*u - u + 2 = 0. Let v be 38/2 + 1 + u. Let s(w) = w**2 - 3*w - 37. Let d be s(10). Calculate the greatest common divisor of d and v.
11
Suppose 10*t = 8 + 72. Calculate the highest common divisor of 12 and t.
4
Suppose -v - 5*b = -46, 4*b - 16 - 4 = 0. Let u be 2/2 - (-10 - -6). Suppose -u*l - 1 = -y, -3*l + v + 12 = 5*y. What is the highest common divisor of y and 42?
6
Suppose 0 = 3*p + 4 - 10. Suppose 2*b - b - 2*r = 46, p*b - 100 = 2*r. Let j be (b/(-8))/(3/(-32)). Calculate the highest common factor of j and 8.
8
Let j be 171/33 - 6/33. Suppose 0 = -j*a + 15, -5*f - a = -5*a - 388. Calculate the highest common factor of f and 10.
10
Suppose 0 = -4*r - 8, r - 31 - 43 = -4*o. Let i(v) = 20*v - 1. Let n be i(1). What is the highest common factor of o and n?
19
Suppose 2*m + 0*i = -i + 283, 5*m - 730 = 2*i. Calculate the greatest common divisor of m and 18.
18
Let w = 9 - 4. Let n(t) = 11*t + 5. Let p(i) = -5*i - 2. Let d(s) = 4*n(s) + 9*p(s). Let f be d(-8). Calculate the highest common factor of w and f.
5
Let s be (14/(-3))/((-2)/3). Let v = s + 0. What is the greatest common factor of v and 63?
7
Suppose 5*n = -24 + 99. Let u = -11 + 21. Calculate the highest common divisor of n and u.
5
Let y(r) = 448*r. Let n = 3 - 2. Let q be y(n). Suppose 0*l - q = -4*l. Calculate the greatest common divisor of 14 and l.
14
Let l = -4 + 5. Suppose -n - 5*k + 202 = 0, l = k + 2. What is the greatest common divisor of n and 23?
23
Suppose 3*y + 2*y - 95 = -5*x, -5*x = y - 91. What is the greatest common factor of x and 9?
9
Suppose l - 348 = -3*l. Suppose -4*w + l = -33. Suppose -q - m + 2 = 3*m, 0 = 4*q + 3*m - 21. What is the highest common divisor of w and q?
6
Let k(m) = 0 + m + 1 + 0*m. Let f = -7 - -8. Let z be k(f). What is the highest common factor of 16 and z?
2
Let v = 22 - 16. What is the highest common divisor of 24 and v?
6
Let y be 1 - (58/8)/(1/(-4)). What is the greatest common diviso